{"id":2549,"date":"2018-01-09T17:57:18","date_gmt":"2018-01-09T16:57:18","guid":{"rendered":"https:\/\/www.saforturisme.org\/municipi\/beniarjo\/"},"modified":"2021-09-27T16:39:27","modified_gmt":"2021-09-27T14:39:27","slug":"beniarjo","status":"publish","type":"municipi","link":"https:\/\/www.saforturisme.org\/fr\/municipi\/beniarjo\/","title":{"rendered":"Beniarj\u00f3"},"content":{"rendered":"<p>Ce n\u2019est pas en vain que ces terres ont \u00e9t\u00e9 les protagonistes de la vie du plus grand po\u00e8te valencien du XVe si\u00e8cle, Ausi\u00e0s March. Aujourd&#8217;hui, on peut encore trouver des vestiges de ce qui \u00e9tait la maison-palais de cette famille, ainsi que le canal d\u2019irrigation des March qui fournissent toujours en eau les terres irrigu\u00e9es de la ville.<\/p>\n<p>Le prix de po\u00e9sie \u00ab Senyoriu d\u2019Ausi\u00e0s March\u00bb est organis\u00e9 depuis les ann\u00e9es 80 \u00e0 Beniarj\u00f3. Le prestige de ce prix s&#8217;est progressivement accru pour devenir l&#8217;une des distinctions les plus prestigieuses de la litt\u00e9rature valencienne De fait, d&#8217;importantes personnalit\u00e9s telles que Vicent Andreu Estell\u00e9s ont fait partie du jury.<\/p>\n<p>Le concours s\u2019inscrit dans le cadre des f\u00eates patronales d\u00e9di\u00e9es \u00e0 Saint Marcos, o\u00f9 a lieu \u00e9galement la danse des drapeaux (Ball de la Bandera), un \u00e9v\u00e9nement culturel tr\u00e8s sp\u00e9cial.<\/p>\n<p><strong>Gentil\u00e9 des habitants:<\/strong> beniarjotera, beniarjoter<\/p>\n<p>&nbsp;<\/p>\n","protected":false},"excerpt":{"rendered":"<p>Cette ville baign\u00e9e par la rivi\u00e8re Serpis, est entour\u00e9e d&#8217;orangers et de l&#8217;essence de la famille March.<\/p>\n","protected":false},"featured_media":2550,"template":"","_links":{"self":[{"href":"https:\/\/www.saforturisme.org\/fr\/wp-json\/wp\/v2\/municipi\/2549"}],"collection":[{"href":"https:\/\/www.saforturisme.org\/fr\/wp-json\/wp\/v2\/municipi"}],"about":[{"href":"https:\/\/www.saforturisme.org\/fr\/wp-json\/wp\/v2\/types\/municipi"}],"wp:featuredmedia":[{"embeddable":true,"href":"https:\/\/www.saforturisme.org\/fr\/wp-json\/wp\/v2\/media\/2550"}],"wp:attachment":[{"href":"https:\/\/www.saforturisme.org\/fr\/wp-json\/wp\/v2\/media?parent=2549"}],"curies":[{"name":"wp","href":"https:\/\/api.w.org\/{rel}","templated":true}]}}

Beniarjó

<p>Ce n’est pas en vain que ces terres ont été les protagonistes de la vie du plus grand poète valencien du XVe siècle, Ausiàs March. Aujourd&#8217;hui, on peut encore trouver des vestiges de ce qui était la maison-palais de cette famille, ainsi que le canal d’irrigation des March qui fournissent toujours en eau les terres irriguées de la ville.</p>
<p>Le prix de poésie « Senyoriu d’Ausiàs March» est organisé depuis les années 80 à Beniarjó. Le prestige de ce prix s&#8217;est progressivement accru pour devenir l&#8217;une des distinctions les plus prestigieuses de la littérature valencienne De fait, d&#8217;importantes personnalités telles que Vicent Andreu Estellés ont fait partie du jury.</p>
<p>Le concours s’inscrit dans le cadre des fêtes patronales dédiées à Saint Marcos, où a lieu également la danse des drapeaux (Ball de la Bandera), un événement culturel très spécial.</p>
<p><strong>Gentilé des habitants:</strong> beniarjotera, beniarjoter</p>
<p>&nbsp;</p>

<p>Cette ville baignée par la rivière Serpis, est entourée d&#8217;orangers et de l&#8217;essence de la famille March.</p>
