{"id":1460,"date":"2018-01-09T18:01:40","date_gmt":"2018-01-09T17:01:40","guid":{"rendered":"https:\/\/www.saforturisme.org\/municipi\/xeraco\/"},"modified":"2018-06-22T10:07:08","modified_gmt":"2018-06-22T08:07:08","slug":"xeraco","status":"publish","type":"municipi","link":"https:\/\/www.saforturisme.org\/es\/municipio\/xeraco\/","title":{"rendered":"Xeraco"},"content":{"rendered":"<p>Conocido por sendas como la de la Font de l&#8217;Ull desde donde podremos acceder a la mina, l&#8217;Esdudella o la Font del Xopet, adem\u00e1s de poder observar a simple vista los restos de las primeras canalizaciones de agua que llenar\u00edan la Cisterna, a\u00fan conservada en perfecto estado en el centro del pueblo.<\/p>\n<p>Xeraco ha recuperado parte de sus marjales y est\u00e1 con diferentes proyectos para abrir sendas y nuevos espacios naturales en esta zona h\u00fameda. El R\u00edo Vaca cuenta con su desembocadura la Goleta y con el canal artificial, para evitar problemas de inundaciones. A su borde se encuentra la Torre de Guaita del s.XVI, construida para vigilar la llegada de piratas por mar. Una mar que hoy aporta gran parte de su atractivo tur\u00edstico, con una playa urbana que ha mantenido el sistema dunar y abundantes parques y jardines, adem\u00e1s de una casa de cultura en el antiguo cuartel de los Carabineros. Atractivos a los que hay que sumar los diferentes chiringuitos a pie de playa, que situados bajo las dunas transportan al visitante al mismo para\u00edso.<\/p>\n<p><strong>Gentilicio:<\/strong> xeraquer, xeraquera<\/p>\n<p><strong>Oficina de Turismo &#8211; Xeraco:<\/strong> Avinguda Migjorn, 2, Playa de Xeraco.\u00a0<a href=\"mailto:xeraco@touristinfo.net\">xeraco@touristinfo.net<\/a><\/p>\n<p><strong>Recursos naturales:<\/strong><\/p>\n<ul>\n<li>Muntanya de la Barcella<\/li>\n<li>Serra de la Barcella<\/li>\n<li>Mass\u00eds del Mond\u00faver<\/li>\n<li>Platja de Xeraco<\/li>\n<li>Riu Vaca<\/li>\n<li>Marjal de la Safor<\/li>\n<li>Font del Xopet<\/li>\n<li>Font de l&#8217;Ullal<\/li>\n<\/ul>\n","protected":false},"excerpt":{"rendered":"<p>No es de extra\u00f1ar que esta localidad haya optado por el eslogan tur\u00edstico &#8220;naturalmente m\u00e1gico&#8221; y es que en pocos km2 el pueblo pasa de los parajes m\u00e1s escarpados de su interior al borde del mar Mediterr\u00e1neo.<\/p>\n","protected":false},"featured_media":1024,"template":"","_links":{"self":[{"href":"https:\/\/www.saforturisme.org\/es\/wp-json\/wp\/v2\/municipi\/1460"}],"collection":[{"href":"https:\/\/www.saforturisme.org\/es\/wp-json\/wp\/v2\/municipi"}],"about":[{"href":"https:\/\/www.saforturisme.org\/es\/wp-json\/wp\/v2\/types\/municipi"}],"wp:featuredmedia":[{"embeddable":true,"href":"https:\/\/www.saforturisme.org\/es\/wp-json\/wp\/v2\/media\/1024"}],"wp:attachment":[{"href":"https:\/\/www.saforturisme.org\/es\/wp-json\/wp\/v2\/media?parent=1460"}],"curies":[{"name":"wp","href":"https:\/\/api.w.org\/{rel}","templated":true}]}}

<p>Conocido por sendas como la de la Font de l&#8217;Ull desde donde podremos acceder a la mina, l&#8217;Esdudella o la Font del Xopet, además de poder observar a simple vista los restos de las primeras canalizaciones de agua que llenarían la Cisterna, aún conservada en perfecto estado en el centro del pueblo.</p>
<p>Xeraco ha recuperado parte de sus marjales y está con diferentes proyectos para abrir sendas y nuevos espacios naturales en esta zona húmeda. El Río Vaca cuenta con su desembocadura la Goleta y con el canal artificial, para evitar problemas de inundaciones. A su borde se encuentra la Torre de Guaita del s.XVI, construida para vigilar la llegada de piratas por mar. Una mar que hoy aporta gran parte de su atractivo turístico, con una playa urbana que ha mantenido el sistema dunar y abundantes parques y jardines, además de una casa de cultura en el antiguo cuartel de los Carabineros. Atractivos a los que hay que sumar los diferentes chiringuitos a pie de playa, que situados bajo las dunas transportan al visitante al mismo paraíso.</p>
<p><strong>Gentilicio:</strong> xeraquer, xeraquera</p>
<p><strong>Oficina de Turismo &#8211; Xeraco:</strong> Avinguda Migjorn, 2, Playa de Xeraco. <a href="mailto:xeraco@touristinfo.net">xeraco@touristinfo.net</a></p>
<p><strong>Recursos naturales:</strong></p>
<ul>
<li>Muntanya de la Barcella</li>
<li>Serra de la Barcella</li>
<li>Massís del Mondúver</li>
<li>Platja de Xeraco</li>
<li>Riu Vaca</li>
<li>Marjal de la Safor</li>
<li>Font del Xopet</li>
<li>Font de l&#8217;Ullal</li>
</ul>

<p>No es de extrañar que esta localidad haya optado por el eslogan turístico &#8220;naturalmente mágico&#8221; y es que en pocos km2 el pueblo pasa de los parajes más escarpados de su interior al borde del mar Mediterráneo.</p>
