{"id":1431,"date":"2018-01-09T18:00:01","date_gmt":"2018-01-09T17:00:01","guid":{"rendered":"https:\/\/www.saforturisme.org\/municipi\/llocnou-de-sant-jeroni\/"},"modified":"2018-06-22T10:22:03","modified_gmt":"2018-06-22T08:22:03","slug":"llocnou-de-sant-jeroni","status":"publish","type":"municipi","link":"https:\/\/www.saforturisme.org\/es\/municipio\/llocnou-de-sant-jeroni\/","title":{"rendered":"Llocnou de Sant Jeroni"},"content":{"rendered":"<p>Uno de los lugares m\u00e1s caracter\u00edsticos es la Granja, antiguo espacio de recreo y administraci\u00f3n de los frailes.\u00a0Su principal encanto tur\u00edstico es la ubicaci\u00f3n, situado en el Valle del Vernissa, y franqueado por las sierras de Marxuquera y Ador, ofreciendo numerosas partidas de bosques como la Cuta y la Umbr\u00eda, y muchas fuentes.<\/p>\n<p>La ruta principal que podemos hacer es la llamada del &#8220;Vernissa a la Cuta&#8221;, PR-CV 400. Tiene una duraci\u00f3n media de cuatro horas y cuarenta minutos.<\/p>\n<p><strong>Gentilicio:<\/strong>\u00a0Llocnovina, llocnovino<\/p>\n<p><strong>Recursos naturales:<\/strong><\/p>\n<ul>\n<li>Serra d&#8217;Ador o Serra de la Cuta<\/li>\n<li>Muntanya de la Cuta<\/li>\n<li>Barranc de la Cuta<\/li>\n<li>Tossal del Morqu\u00ed<\/li>\n<li>Vall de Vernissa<\/li>\n<li>Font de la Costera<\/li>\n<li>Font del Frare<\/li>\n<\/ul>\n<p>&nbsp;<\/p>\n","protected":false},"excerpt":{"rendered":"<p>La historia de Llocnou de Sant Jeroni est\u00e1 ligada a la del Monasterio de San Jer\u00f3nimo. Durante siglos han sido los monjes quienes gestionaron los designios del lugar. <\/p>\n","protected":false},"featured_media":1048,"template":"","_links":{"self":[{"href":"https:\/\/www.saforturisme.org\/es\/wp-json\/wp\/v2\/municipi\/1431"}],"collection":[{"href":"https:\/\/www.saforturisme.org\/es\/wp-json\/wp\/v2\/municipi"}],"about":[{"href":"https:\/\/www.saforturisme.org\/es\/wp-json\/wp\/v2\/types\/municipi"}],"wp:featuredmedia":[{"embeddable":true,"href":"https:\/\/www.saforturisme.org\/es\/wp-json\/wp\/v2\/media\/1048"}],"wp:attachment":[{"href":"https:\/\/www.saforturisme.org\/es\/wp-json\/wp\/v2\/media?parent=1431"}],"curies":[{"name":"wp","href":"https:\/\/api.w.org\/{rel}","templated":true}]}}

<p>Uno de los lugares más característicos es la Granja, antiguo espacio de recreo y administración de los frailes. Su principal encanto turístico es la ubicación, situado en el Valle del Vernissa, y franqueado por las sierras de Marxuquera y Ador, ofreciendo numerosas partidas de bosques como la Cuta y la Umbría, y muchas fuentes.</p>
<p>La ruta principal que podemos hacer es la llamada del &#8220;Vernissa a la Cuta&#8221;, PR-CV 400. Tiene una duración media de cuatro horas y cuarenta minutos.</p>
<p><strong>Gentilicio:</strong> Llocnovina, llocnovino</p>
<p><strong>Recursos naturales:</strong></p>
<ul>
<li>Serra d&#8217;Ador o Serra de la Cuta</li>
<li>Muntanya de la Cuta</li>
<li>Barranc de la Cuta</li>
<li>Tossal del Morquí</li>
<li>Vall de Vernissa</li>
<li>Font de la Costera</li>
<li>Font del Frare</li>
</ul>
<p>&nbsp;</p>

<p>La historia de Llocnou de Sant Jeroni está ligada a la del Monasterio de San Jerónimo. Durante siglos han sido los monjes quienes gestionaron los designios del lugar. </p>
