{"id":1427,"date":"2018-01-09T17:59:54","date_gmt":"2018-01-09T16:59:54","guid":{"rendered":"https:\/\/www.saforturisme.org\/municipi\/la-font-den-carros\/"},"modified":"2018-06-22T10:22:26","modified_gmt":"2018-06-22T08:22:26","slug":"la-font-den-carros","status":"publish","type":"municipi","link":"https:\/\/www.saforturisme.org\/es\/municipio\/la-font-den-carros\/","title":{"rendered":"La Font d\u2019en Carr\u00f2s"},"content":{"rendered":"<p>Si optamos por la ruta de los paneles cer\u00e1micos, nos llevar\u00e1 por el n\u00facleo urbano. La historia de los paneles devocionales parte de la segunda mitad del siglo XVIII, estas im\u00e1genes son el reflejo de la cultura popular y del contexto hist\u00f3rico, pol\u00edtico y religioso a lo largo de los \u00faltimos tres siglos.<\/p>\n<p>Si el visitante prefiere una escapada, m\u00e1s de car\u00e1cter natural, tiene a su alcance la ruta del Castillo, que transita entre antiguos cultivos de olivo y algarrobos, as\u00ed como del paisaje mediterr\u00e1neo. Esta ruta est\u00e1 englobada dentro del PR de la Comunidad, con el n\u00famero 347. Si queremos ampliar nuestro recorrido, y siguiendo el mismo PR, podemos adentrarnos por pinares y el paraje de la Mola, dentro de la ruta del Assegador y las covalletes.<\/p>\n<p>Por otro lado, si lo que buscamos es una ruta m\u00e1s f\u00e1cil para poderla hacer en bicicleta o a pie, tenemos la Ruta del Molins, donde podremos descubrir el patrimonio del agua de La Font d&#8217;en Carr\u00f2s. Todo ello sin olvidarnos de espacios emblem\u00e1ticos como el Calvario, las murallas de Rafal\u00ed, el antiguo Ayuntamiento, que data del s. XIV y ha sido reconvertido en Oficina de Turismo, o la Iglesia de San Antonio M\u00e1rtir, construida sobre los restos de la antigua mezquita, que por orden de la familia Carr\u00f2s en 1329 comenz\u00f3 su construcci\u00f3n y es uno de los templos cristianos m\u00e1s antiguos en La Safor.<\/p>\n<p><strong>Gentilicio:\u00a0<\/strong>Fontera, fontero<\/p>\n<p><strong>Oficina de Turismo &#8211; La Font d\u2019en Carr\u00f2s:<\/strong> Pla\u00e7a de l\u2019Ajuntament, 1 (962833338) <a href=\"mailto:lafontdencarros@touristinfo.net\">lafontdencarros@touristinfo.net<\/a><\/p>\n<p><strong>Recursos naturales:<\/strong><\/p>\n<ul>\n<li>Serra Gallinera<\/li>\n<li>Cova de l&#8217;\u00c0ngel<\/li>\n<\/ul>\n","protected":false},"excerpt":{"rendered":"<p>Una de las mejores maneras de conocer La Font d\u2019en Carr\u00f2s es realizar alguno de sus itinerarios perfectamente delimitados.<\/p>\n","protected":false},"featured_media":1050,"template":"","_links":{"self":[{"href":"https:\/\/www.saforturisme.org\/es\/wp-json\/wp\/v2\/municipi\/1427"}],"collection":[{"href":"https:\/\/www.saforturisme.org\/es\/wp-json\/wp\/v2\/municipi"}],"about":[{"href":"https:\/\/www.saforturisme.org\/es\/wp-json\/wp\/v2\/types\/municipi"}],"wp:featuredmedia":[{"embeddable":true,"href":"https:\/\/www.saforturisme.org\/es\/wp-json\/wp\/v2\/media\/1050"}],"wp:attachment":[{"href":"https:\/\/www.saforturisme.org\/es\/wp-json\/wp\/v2\/media?parent=1427"}],"curies":[{"name":"wp","href":"https:\/\/api.w.org\/{rel}","templated":true}]}}

La Font d’en Carròs

<p>Si optamos por la ruta de los paneles cerámicos, nos llevará por el núcleo urbano. La historia de los paneles devocionales parte de la segunda mitad del siglo XVIII, estas imágenes son el reflejo de la cultura popular y del contexto histórico, político y religioso a lo largo de los últimos tres siglos.</p>
<p>Si el visitante prefiere una escapada, más de carácter natural, tiene a su alcance la ruta del Castillo, que transita entre antiguos cultivos de olivo y algarrobos, así como del paisaje mediterráneo. Esta ruta está englobada dentro del PR de la Comunidad, con el número 347. Si queremos ampliar nuestro recorrido, y siguiendo el mismo PR, podemos adentrarnos por pinares y el paraje de la Mola, dentro de la ruta del Assegador y las covalletes.</p>
<p>Por otro lado, si lo que buscamos es una ruta más fácil para poderla hacer en bicicleta o a pie, tenemos la Ruta del Molins, donde podremos descubrir el patrimonio del agua de La Font d&#8217;en Carròs. Todo ello sin olvidarnos de espacios emblemáticos como el Calvario, las murallas de Rafalí, el antiguo Ayuntamiento, que data del s. XIV y ha sido reconvertido en Oficina de Turismo, o la Iglesia de San Antonio Mártir, construida sobre los restos de la antigua mezquita, que por orden de la familia Carròs en 1329 comenzó su construcción y es uno de los templos cristianos más antiguos en La Safor.</p>
<p><strong>Gentilicio: </strong>Fontera, fontero</p>
<p><strong>Oficina de Turismo &#8211; La Font d’en Carròs:</strong> Plaça de l’Ajuntament, 1 (962833338) <a href="mailto:lafontdencarros@touristinfo.net">lafontdencarros@touristinfo.net</a></p>
<p><strong>Recursos naturales:</strong></p>
<ul>
<li>Serra Gallinera</li>
<li>Cova de l&#8217;Àngel</li>
</ul>

<p>Una de las mejores maneras de conocer La Font d’en Carròs es realizar alguno de sus itinerarios perfectamente delimitados.</p>
