{"id":1421,"date":"2018-01-09T17:58:57","date_gmt":"2018-01-09T16:58:57","guid":{"rendered":"https:\/\/www.saforturisme.org\/municipi\/guardamar-de-la-safor\/"},"modified":"2018-06-22T10:23:41","modified_gmt":"2018-06-22T08:23:41","slug":"guardamar-de-la-safor","status":"publish","type":"municipi","link":"https:\/\/www.saforturisme.org\/es\/municipio\/guardamar-de-la-safor\/","title":{"rendered":"Guardamar de la Safor"},"content":{"rendered":"<p>Hay dos edificaciones emblem\u00e1ticas que son la Casa Gran, antiguo palacete del Tamarit, y su Iglesia de San Juan Bautista, del siglo XVII. Guardamar de la Safor disfruta de diferentes establecimientos gastron\u00f3micos de renombre en la comarca.<\/p>\n<p>Su costa mantiene parte del sistema dunar y zona h\u00fameda. Durante la primera quincena de agosto se realizan m\u00faltiples actos como sartenes gigantes, juegos para ni\u00f1os, desfile de Moros y Cristianos o conciertos, enmarcados dentro de las fiestas locales. Otro atractivo tur\u00edstico es la concentraci\u00f3n de motos del 9 de octubre.<\/p>\n<p><strong>Gentilicio:\u00a0<\/strong>Guardamarenca, guardamarenco<\/p>\n<p><strong>Recursos naturales:<\/strong><\/p>\n<ul>\n<li>Playa de Guardamar<\/li>\n<\/ul>\n<p>&nbsp;<\/p>\n","protected":false},"excerpt":{"rendered":"<p>Al parecer la toponimia de esta poblaci\u00f3n hace referencia a su funci\u00f3n original: vigilar la costa, guardar el mar. No ha sido hasta 2001 cuando se ha alcanzado el nombre oficial de Guardamar de la Safor, lo que ha dado pie a que se la conociera como la Alquerieta entre los pueblos de alrededor.<\/p>\n","protected":false},"featured_media":1052,"template":"","_links":{"self":[{"href":"https:\/\/www.saforturisme.org\/es\/wp-json\/wp\/v2\/municipi\/1421"}],"collection":[{"href":"https:\/\/www.saforturisme.org\/es\/wp-json\/wp\/v2\/municipi"}],"about":[{"href":"https:\/\/www.saforturisme.org\/es\/wp-json\/wp\/v2\/types\/municipi"}],"wp:featuredmedia":[{"embeddable":true,"href":"https:\/\/www.saforturisme.org\/es\/wp-json\/wp\/v2\/media\/1052"}],"wp:attachment":[{"href":"https:\/\/www.saforturisme.org\/es\/wp-json\/wp\/v2\/media?parent=1421"}],"curies":[{"name":"wp","href":"https:\/\/api.w.org\/{rel}","templated":true}]}}

<p>Hay dos edificaciones emblemáticas que son la Casa Gran, antiguo palacete del Tamarit, y su Iglesia de San Juan Bautista, del siglo XVII. Guardamar de la Safor disfruta de diferentes establecimientos gastronómicos de renombre en la comarca.</p>
<p>Su costa mantiene parte del sistema dunar y zona húmeda. Durante la primera quincena de agosto se realizan múltiples actos como sartenes gigantes, juegos para niños, desfile de Moros y Cristianos o conciertos, enmarcados dentro de las fiestas locales. Otro atractivo turístico es la concentración de motos del 9 de octubre.</p>
<p><strong>Gentilicio: </strong>Guardamarenca, guardamarenco</p>
<p><strong>Recursos naturales:</strong></p>
<ul>
<li>Playa de Guardamar</li>
</ul>
<p>&nbsp;</p>

<p>Al parecer la toponimia de esta población hace referencia a su función original: vigilar la costa, guardar el mar. No ha sido hasta 2001 cuando se ha alcanzado el nombre oficial de Guardamar de la Safor, lo que ha dado pie a que se la conociera como la Alquerieta entre los pueblos de alrededor.</p>
