{"id":1392,"date":"2018-01-09T17:55:56","date_gmt":"2018-01-09T16:55:56","guid":{"rendered":"https:\/\/www.saforturisme.org\/municipi\/alfauir\/"},"modified":"2018-06-22T14:23:43","modified_gmt":"2018-06-22T12:23:43","slug":"alfauir","status":"publish","type":"municipi","link":"https:\/\/www.saforturisme.org\/es\/municipio\/alfauir\/","title":{"rendered":"Alfauir"},"content":{"rendered":"<p>El r\u00edo Vernissa la divide en dos fracciones bien diferenciadas, a un lado se encuentra el n\u00facleo urbano y en la otra orilla el protagonismo absoluto del Monestir de Sant Jeroni de Cotalba y su entorno natural.<\/p>\n<p>Se constatan vestigios humanos ya en \u00e9poca ib\u00e9rica, pero es en tiempos de los romanos cuando, probablemente, surge una ciudad pegada al Camino Real de X\u00e0tiva, v\u00eda de comunicaci\u00f3n empleada ya en el siglo I aC. En este punto se abre un par\u00e9ntesis documental hasta el asentamiento de la alquer\u00eda morisca y la construcci\u00f3n del Castell de Palma, dependiente del de Bair\u00e9n.<\/p>\n<p>Un siglo despu\u00e9s de la conquista cristiana por parte de Jaume I ser\u00e1 cuando se funda el Monestir de Sant Jeroni de Cotalba, en 1388. Esta edificaci\u00f3n, actualmente de propiedad privada pero abierta al p\u00fablico, se constituye como el principal reclamo tur\u00edstico y cultural de Alfauir.<\/p>\n<p><strong>Gentilicio:\u00a0<\/strong>Alfauire\u00f1a, alfauire\u00f1o<\/p>\n<p><strong>Recursos naturales:<\/strong><\/p>\n<ul>\n<li>Pla del Castell<\/li>\n<li>Pinar del Convent<\/li>\n<li>Vall de Vernissa<\/li>\n<li>Riu Vernissa<\/li>\n<li>Font del pintat<\/li>\n<li>Font dels polls<\/li>\n<li>Pinada del Monestir de Sant Jeroni de Cotalba<\/li>\n<\/ul>\n<p>&nbsp;<\/p>\n","protected":false},"excerpt":{"rendered":"<p>En medio del Valle del Vernissa y rodeada por las Sierras d&#8217;Ador, Falconera y Grossa se sit\u00faa Alfauir.<\/p>\n","protected":false},"featured_media":1074,"template":"","_links":{"self":[{"href":"https:\/\/www.saforturisme.org\/es\/wp-json\/wp\/v2\/municipi\/1392"}],"collection":[{"href":"https:\/\/www.saforturisme.org\/es\/wp-json\/wp\/v2\/municipi"}],"about":[{"href":"https:\/\/www.saforturisme.org\/es\/wp-json\/wp\/v2\/types\/municipi"}],"wp:featuredmedia":[{"embeddable":true,"href":"https:\/\/www.saforturisme.org\/es\/wp-json\/wp\/v2\/media\/1074"}],"wp:attachment":[{"href":"https:\/\/www.saforturisme.org\/es\/wp-json\/wp\/v2\/media?parent=1392"}],"curies":[{"name":"wp","href":"https:\/\/api.w.org\/{rel}","templated":true}]}}

<p>El río Vernissa la divide en dos fracciones bien diferenciadas, a un lado se encuentra el núcleo urbano y en la otra orilla el protagonismo absoluto del Monestir de Sant Jeroni de Cotalba y su entorno natural.</p>
<p>Se constatan vestigios humanos ya en época ibérica, pero es en tiempos de los romanos cuando, probablemente, surge una ciudad pegada al Camino Real de Xàtiva, vía de comunicación empleada ya en el siglo I aC. En este punto se abre un paréntesis documental hasta el asentamiento de la alquería morisca y la construcción del Castell de Palma, dependiente del de Bairén.</p>
<p>Un siglo después de la conquista cristiana por parte de Jaume I será cuando se funda el Monestir de Sant Jeroni de Cotalba, en 1388. Esta edificación, actualmente de propiedad privada pero abierta al público, se constituye como el principal reclamo turístico y cultural de Alfauir.</p>
<p><strong>Gentilicio: </strong>Alfauireña, alfauireño</p>
<p><strong>Recursos naturales:</strong></p>
<ul>
<li>Pla del Castell</li>
<li>Pinar del Convent</li>
<li>Vall de Vernissa</li>
<li>Riu Vernissa</li>
<li>Font del pintat</li>
<li>Font dels polls</li>
<li>Pinada del Monestir de Sant Jeroni de Cotalba</li>
</ul>
<p>&nbsp;</p>

<p>En medio del Valle del Vernissa y rodeada por las Sierras d&#8217;Ador, Falconera y Grossa se sitúa Alfauir.</p>
