{"id":2161,"date":"2018-01-09T18:02:50","date_gmt":"2018-01-09T17:02:50","guid":{"rendered":"https:\/\/www.saforturisme.org\/municipi\/benirredra\/"},"modified":"2018-06-22T14:25:46","modified_gmt":"2018-06-22T12:25:46","slug":"benirredra","status":"publish","type":"municipi","link":"https:\/\/www.saforturisme.org\/en\/municipality\/benirredra\/","title":{"rendered":"Benirredr\u00e0"},"content":{"rendered":"<p>Despite its volume, the town has architectural milestones such as el col\u2022legi de les Esclaves, with an eclectic style, a mix of modernism and neo-gothic style with Mudejar brushstrokes. In addition, we have la Casa Gran, a symbol of the ancient feudal power and today used as a restaurant, and l\u2019Esgl\u00e9sia de Sant Lloren\u00e7 (Church of Sant Lloren\u00e7) built in 1574.<\/p>\n<p>The second week of January, Benirredr\u00e0 is a not to be missed event in the region: El Porrat de Sant Antoni takes place and it is filled with cultural activities and food, crafts&#8230; and traditional games and la crema de la Foguera (the burning of the Fire).<\/p>\n<p><strong>Gentilici:\u00a0<\/strong>Benirredrana, Benirredrano<\/p>\n","protected":false},"excerpt":{"rendered":"<p>The smallest village of la Safor has only 0&#8217;4 km2 and is completely surrounded by Gandia. Benirredr\u00e0 is a place of tranquility, only altered by its cultural manifestations such as el Porrat or local festivals, as well as les Falles.<\/p>\n","protected":false},"featured_media":1019,"template":"","_links":{"self":[{"href":"https:\/\/www.saforturisme.org\/en\/wp-json\/wp\/v2\/municipi\/2161"}],"collection":[{"href":"https:\/\/www.saforturisme.org\/en\/wp-json\/wp\/v2\/municipi"}],"about":[{"href":"https:\/\/www.saforturisme.org\/en\/wp-json\/wp\/v2\/types\/municipi"}],"wp:featuredmedia":[{"embeddable":true,"href":"https:\/\/www.saforturisme.org\/en\/wp-json\/wp\/v2\/media\/1019"}],"wp:attachment":[{"href":"https:\/\/www.saforturisme.org\/en\/wp-json\/wp\/v2\/media?parent=2161"}],"curies":[{"name":"wp","href":"https:\/\/api.w.org\/{rel}","templated":true}]}}

Benirredrà

<p>Despite its volume, the town has architectural milestones such as el col•legi de les Esclaves, with an eclectic style, a mix of modernism and neo-gothic style with Mudejar brushstrokes. In addition, we have la Casa Gran, a symbol of the ancient feudal power and today used as a restaurant, and l’Església de Sant Llorenç (Church of Sant Llorenç) built in 1574.</p>
<p>The second week of January, Benirredrà is a not to be missed event in the region: El Porrat de Sant Antoni takes place and it is filled with cultural activities and food, crafts&#8230; and traditional games and la crema de la Foguera (the burning of the Fire).</p>
<p><strong>Gentilici: </strong>Benirredrana, Benirredrano</p>

<p>The smallest village of la Safor has only 0&#8217;4 km2 and is completely surrounded by Gandia. Benirredrà is a place of tranquility, only altered by its cultural manifestations such as el Porrat or local festivals, as well as les Falles.</p>
