{"id":2157,"date":"2018-01-09T17:57:26","date_gmt":"2018-01-09T16:57:26","guid":{"rendered":"https:\/\/www.saforturisme.org\/municipi\/benifairo-de-la-valldigna\/"},"modified":"2018-06-22T14:52:19","modified_gmt":"2018-06-22T12:52:19","slug":"benifairo-de-la-valldigna","status":"publish","type":"municipi","link":"https:\/\/www.saforturisme.org\/en\/municipality\/benifairo-de-la-valldigna\/","title":{"rendered":"Benifair\u00f3 de la Valldigna"},"content":{"rendered":"<p>In the past years the municipality has recovered the path of el Castell d\u2019Alf\u00e0ndec, which had been rendered impregnable for decades. This fortress is known as El Castell de la Reina Mora (the Castle of Moorish Queen), as the oral tradition explains that a Moorish queen threw herself out the window.<\/p>\n<p>The location of the town\u2019s boundary, between la Serra de les Agulles and el Mass\u00eds del Mond\u00faver, as well as the backbone axis of el riu Vaca (Vaca river), makes Benifair\u00f3 the perfect starting point for hikers, specially for those who practice climbing, which have two magnificent opportunities at L\u2019Agulla Fonda or at l\u2019Agulla Foradada.<\/p>\n<p><strong>Gentilici:\u00a0<\/strong>Benifaironera, benifaironero<\/p>\n<p><strong>Tourism Office &#8211;\u00a0Benifair\u00f3 de la Valldigna:<\/strong> 962885264\u00a0(Tourist Info Tavernes)<\/p>\n<p><strong>Natural resources:<\/strong><\/p>\n<ul>\n<li>Mass\u00eds del Mond\u00faver<\/li>\n<li>Pla del Barber<\/li>\n<li>Vall de Valldigna<\/li>\n<li>Font Fontarda<\/li>\n<\/ul>\n","protected":false},"excerpt":{"rendered":"<p>Walking through Benifair\u00f3 de la Valldigna is to move between nature and the legend.<\/p>\n","protected":false},"featured_media":1061,"template":"","_links":{"self":[{"href":"https:\/\/www.saforturisme.org\/en\/wp-json\/wp\/v2\/municipi\/2157"}],"collection":[{"href":"https:\/\/www.saforturisme.org\/en\/wp-json\/wp\/v2\/municipi"}],"about":[{"href":"https:\/\/www.saforturisme.org\/en\/wp-json\/wp\/v2\/types\/municipi"}],"wp:featuredmedia":[{"embeddable":true,"href":"https:\/\/www.saforturisme.org\/en\/wp-json\/wp\/v2\/media\/1061"}],"wp:attachment":[{"href":"https:\/\/www.saforturisme.org\/en\/wp-json\/wp\/v2\/media?parent=2157"}],"curies":[{"name":"wp","href":"https:\/\/api.w.org\/{rel}","templated":true}]}}

Benifairó de la Valldigna

<p>In the past years the municipality has recovered the path of el Castell d’Alfàndec, which had been rendered impregnable for decades. This fortress is known as El Castell de la Reina Mora (the Castle of Moorish Queen), as the oral tradition explains that a Moorish queen threw herself out the window.</p>
<p>The location of the town’s boundary, between la Serra de les Agulles and el Massís del Mondúver, as well as the backbone axis of el riu Vaca (Vaca river), makes Benifairó the perfect starting point for hikers, specially for those who practice climbing, which have two magnificent opportunities at L’Agulla Fonda or at l’Agulla Foradada.</p>
<p><strong>Gentilici: </strong>Benifaironera, benifaironero</p>
<p><strong>Tourism Office &#8211; Benifairó de la Valldigna:</strong> 962885264 (Tourist Info Tavernes)</p>
<p><strong>Natural resources:</strong></p>
<ul>
<li>Massís del Mondúver</li>
<li>Pla del Barber</li>
<li>Vall de Valldigna</li>
<li>Font Fontarda</li>
</ul>

<p>Walking through Benifairó de la Valldigna is to move between nature and the legend.</p>
